2) in base 9?
4384
Convert 23943 (base 10) to base 3.
1012211210
What is -218 (base 15) in base 4?
-13121
2123 (base 10) to base 13
c74
Convert 205153 (base 8) to base 3.
10110120001
Convert a75a (base 12) to base 2.
100011110110110
What is 12312 (base 4) in base 3?
121020
What is 5613 (base 8) in base 12?
1863
What is ebd (base 15) in base 16?
d00
Convert -356 (base 9) to base 4.
-10212
Convert 10474 (base 12) to base 2.
101001110011000
Convert -48369 (base 11) to base 6.
-1254242
What is 64646 (base 9) in base 10?
42810
Convert -2222012 (base 3) to base 8.
-4165
What is 2776 (base 8) in base 13?
910
-11200111 (base 3) to base 15
-102a
What is 209 (base 16) in base 8?
1011
What is 1935 (base 11) in base 13?
1171
Convert -35644 (base 7) to base 13.
-4291
2346 (base 7) to base 9
1163
Convert 1112100 (base 4) to base 2.
1010110010000
6017 (base 9) to base 14
1858
What is -4101 (base 5) in base 14?
-298
6b78 (base 12) to base 2
10111100001100
Convert 614 (base 15) to base 4.
111121
-50bc (base 13) to base 15
-347a
-766 (base 13) to base 14
-667
Convert 300 (base 16) to base 12.
540
Convert 1022101 (base 3) to base 6.
4231
Convert -1823 (base 16) to base 11.
-4708
Convert d3c (base 14) to base 5.
40402
Convert -1222 (base 10) to base 15.
-567
What is 1317 (base 9) in base 16?
3dc
9594 (base 11) to base 7
51663
What is -20221001 (base 4) in base 6?
-431505
Convert -570a (base 15) to base 5.
-1042320
Convert -361 (base 8) to base 4.
-3301
-2729 (base 14) to base 6
-51533
What is 101111110 (base 2) in base 8?
576
Convert -162603 (base 7) to base 14.
-ba3a
-1002022 (base 3) to base 6
-3355
128c3 (base 13) to base 15
a32b
-101101000 (base 2) to base 5
-2420
342351 (base 7) to base 11
41829
What is 95a5 (base 11) in base 14?
48b1
What is 213523 (base 6) in base 8?
42433
30 (base 16) to base 5
143
-2a7 (base 13) to base 8
-733
-34528 (base 11) to base 13
-19921
What is -25871 (base 11) in base 13?
-13aab
4585 (base 12) to base 11
58a0
Convert 1320012 (base 5) to base 4.
12122101
Convert 4aa5 (base 14) to base 15.
3d21
-d07e (base 15) to base 8
-125732
What is -34432 (base 7) in base 16?
-225a
What is 3012 (base 5) in base 16?
17e
What is -7384 (base 10) in base 13?
-3490
What is -93b (base 16) in base 9?
-3215
What is -6f (base 16) in base 11?
-a1
What is 1202120 (base 3) in base 12?
8b0
73b (base 13) to base 9
1620
Convert -4961 (base 15) to base 13.
-7153
What is 2193 (base 13) in base 6?
33403
Convert -7da (base 16) to base 5.
-31020
-5455 (base 6) to base 2
-10011101011
Convert -246 (base 15) to base 8.
-1004
What is 10200 (base 5) in base 15?
300
What is -22311102 (base 4) in base 9?
-66770
Convert 498 (base 16) to base 3.
1121120
4c (base 16) to base 2
1001100
-140055 (base 8) to base 4
-30000231
What is -4015 (base 9) in base 13?
-1445
What is -543521 (base 6) in base 3?
-2021121011
Convert -1642 (base 9) to base 10.
-1253
What is 484 (base 10) in base 15?
224
-311314 (base 5) to base 7
-41523
What is 13431 (base 5) in base 4?
101130
212322 (base 4) to base 16
9ba
1bd3 (base 15) to base 8
13640
Convert -3503 (base 7) to base 6.
-5525
Convert -1301 (base 5) to base 2.
-11001001
Convert -11001100 (base 2) to base 7.
-411
20153 (base 10) to base 16
4eb9
Convert -121212101 (base 3) to base 15.
-399a
What is -80 (base 12) in base 3?
-10120
What is -850c (base 13) in base 3?
-221021201
Convert -4a9 (base 11) to base 15.
-2a3
Convert 111200121 (base 3) to base 5.
304404
Convert 1132 (base 5) to base 8.
247
26356 (base 7) to base 14
27d6
9a9 (base 12) to base 11
1086
What is 54829 (base 10) in base 11?
38215
What is 546 (base 12) in base 2?
1100000110
Convert -4424 (base 10) to base 8.
-10510
Convert 324412 (base 6) to base 12.
13708
1656 (base 12) to base 14
d7c
9 (base 11) to base 6
13
Convert 1841 (base 12) to base 4.
231301
100142 (base 5) to base 10
3172
What is 545 (base 8) in base 6?
1353
-133465 (base 7) to base 5
-1302112
4311 (base 5) to base 3
210112
Convert -262334 (base 7) to base 5.
-3031003
4641 (base 12) to base 11
5974
What is -11213112 (base 4) in base 14?
-854a
What is 512 (base 10) in base 3?
200222
-ab5b (base 13) to base 9
-35711
2111100 (base 3) to base 4
130122
Convert -8003 (base 11) to base 3.
-112121111
Convert 3273 (base 8) to base 12.
bb7
320 (base 6) to base 7
231
-4301 (base 6) to base 12
-691
2394b (base 12) to base 8
135613
4342233 (base 5) to base 7
430523
What is -27 (base 12) in base 5?
-111
What is -2307 (base 11) in base 7?
-11561
Convert -345232 (base 6) to base 7.
-152354
246 (base 7) to base 5
1012
What is 30c5 (base 13) in base 7?
25454
What is -333132 (base 4) in base 15?
-130c
-3 (base 10) to base 12
-3
1022010 (base 4) to base 2
1001010000100
Convert -1778 (base 10) to base 8.
-3362
What is 2411 (base 5) in base 12?
258
Convert 10032 (base 4) to base 11.
226
Convert 12215 (base 6) to base 15.
80b
What is -111645 (base 9) in base 12?
-32842
What is 1254 (base 7) in base 15?
220
Convert 115 (base 10) to base 14.
83
What is 23b3 (base 15) in base 10?
7593
What is -100122002 (base 3) in base 16?
-1b6e
-6900 (base 10) to base 16
-1af4
155 (base 15) to base 13
1a6
Convert 12021 (base 3) to base 13.
ac
Convert -1720 (base 13) to base 6.
-23434
Convert 14225 (base 6) to base 12.
1375
-102423 (base 5) to base 3
-11210012
-144a6 (base 11) to base 6
-235113
3669 (base 14) to base 16
251d
Convert -1234132 (base 5) to base 8.
-57344
1723 (base 16) to base 13
2908
What is 3585 (base 10) in base 13?
182a
What is 144542 (base 7) in base 15?
84a8
-1120110 (base 3) to base 13
-6a2
Convert -100504 (base 6) to base 13.
-3814
-25243 (base 10) to base 13
-b64a
What is -615 (base 11) in base 14?
-3b0
What is -1ccb (base 16) in base 15?
-22b6
Convert 900 (base 10) to base 13.
543
12300 (base 4) to base 11
363
Convert 111231 (base 4) to base 6.
10233
What is -1424344 (base 5) in base 2?
-111010100010110
351526 (base 7) to base 13
228ca
What is -1233 (base 15) in base 14?
-15a9
What is 11423 (base 5) in base 6?
3555
Convert 10101011101011 (base 2) to base 15.
33c7
1100000000111 (base 2) to base 6
44251
Convert -1011111001111 (base 2) to base 11.
-4641
What is -4335 (base 8) in base 12?
-1391
What is -44013 (base 5) in base 15?
-d58
What is -18d (base 14) in base 3?
-102220
What is -a2a0 (base 15) in base 6?
-423010
36021 (base 8) to base 16
3c11
Convert -16954 (base 12) to base 8.
-77320
What is 19285 (base 12) in base 16?
8f45
-441 (base 10) to base 4
-12321
111230 (base 4) to base 7
4022
-6160 (base 7) to base 13
-c94
Convert -4750 (base 13) to base 7.
-41155
What is -11101000001111 (base 2) in base 11?
-10192
Convert -65206 (base 10) to base 7.
-361051
What is 10220211 (base 3) in base 16?
b29
-15113 (base 6) to base 12
-1499
Convert 14d2b (base 14) to base 15.
10604
-6453 (base 9) to base 4
-1022022
Convert b412 (base 12) to base 7.
111065
Convert -59d2 (base 14) to base 12.
-9098
What is 12020101 (base 3) in base 15?
11e7
Convert 10c1 (base 13) to base 2.
100100110010
Convert 90a4 (base 11) to base 3.
121120220
What is -10112 (base 3) in base 6?
-235
Convert 234443 (base 5) to base 2.
10001000101100
What is 2004 (base 6) in base 7?
1162
What is -37 (base 16) in base 3?
-2001
What is 3bc5 (base 13) in base 5?
233421
-1412 (base 5) to base 9
-277
Convert 405 (base 14) to base 5.
11124
What is 401124 (base 5) in base 13?
59c2
Convert -12320 (base 5) to base 16.
-3c0
What is 7363 (base 8) in base 7?
14105
820 (base 11) to base 15
460
What is -212 (base 5) in base 13?
-45
What is -2e47 (base 15) in base 4?
-2123233
What is 4a28 (base 11) in base 4?
1212210
What is 10110101101 (base 2) in base 5?
21303
-51733 (base 8) to base 5
-1141332
What is -455 (base 11) in base 12?
-394
256 (base 13) to base 14
213
What is 2304 (base 5) in base 9?
405
What is 508 (base 13) in base 16?
355
Convert -1cd3 (base 16) to base 3.
-101010022
Convert 1447 (base 11) to base 15.
846
What is b661 (base 12) in base 13?
9103
What is -141046 (base 7) in base 4?
-12202210
Convert -b9a2 (base 14) to base 4.
-13311122
What is -20110010 (base 3) in base 2?
-1001001011101
Convert -1441 (base 5) to base 4.
-3312
Convert -18916 (base 10) to base 8.
-44744
Convert -c01 (base 16) to base 7.
-11650
b7 (base 16) to base 9
223
Convert 343 (base 6) to base 14.
99
What is